{"id":3545,"date":"2022-06-22T15:22:40","date_gmt":"2022-06-22T13:22:40","guid":{"rendered":"https:\/\/ostschule.de\/schule\/?page_id=3545"},"modified":"2022-06-23T12:27:43","modified_gmt":"2022-06-23T10:27:43","slug":"kunst","status":"publish","type":"page","link":"https:\/\/ostschule.de\/schule\/faecher\/kreativitaet\/kunst\/","title":{"rendered":"Kunst"},"content":{"rendered":"<p><a href=\"https:\/\/ostschule.de\/schule\/category\/kunst\/\">Neuigkeiten aus der Kunst<\/a><\/p>\n<p>Klassenunterricht in den Jahrg&auml;ngen 5 und 6<\/p>\n<ul>\n<li><span dir=\"ltr\" role=\"presentation\">Erlernen verschiedenster Techniken<\/span><\/li>\n<li><span dir=\"ltr\" role=\"presentation\">Entwicklung &auml;sthetischer Bildbetrachtung<\/span><\/li>\n<li><span dir=\"ltr\" role=\"presentation\">Kennenlernen exemplarischer K&uuml;nstler, Stile und Epochen<\/span><\/li>\n<\/ul>\n<p>Klassenunterricht in den Jahrg&auml;ngen 7 und 9<\/p>\n<ul>\n<li><span dir=\"ltr\" role=\"presentation\">Kennenlernen verschiedener Genres der Malerei,<\/span><br role=\"presentation\"><span dir=\"ltr\" role=\"presentation\">Grafik und Plastik<\/span><\/li>\n<li><span dir=\"ltr\" role=\"presentation\">Wahrnehmung und Versuche zu Architektur,<\/span><br role=\"presentation\"><span dir=\"ltr\" role=\"presentation\">Designs und Werbung<\/span><\/li>\n<\/ul>\n<p>Jahrgang 11<\/p>\n<ul>\n<li><span dir=\"ltr\" role=\"presentation\">&Uuml;berblick &uuml;ber die Kunstgeschichte<\/span><\/li>\n<li><span dir=\"ltr\" role=\"presentation\">Beschreibung und Analyse von Bildern<\/span><\/li>\n<li><span dir=\"ltr\" role=\"presentation\">Orientierungskurs &ndash; Kunstgeschichte, Darstellungsprobleme<\/span><\/li>\n<\/ul>\n<p>Jahrg&auml;nge 12 und 13<\/p>\n<ul>\n<li><span dir=\"ltr\" role=\"presentation\"> <a href=\"https:\/\/ostschule.de\/schule\/lexikon\/grundkurse\/\" target=\"_self\" title='In der Qualifikationsphase (Q1 - Q4) gibt es mindestens zwei Leistungskurse und mindestens acht Grundkurse (in der Q3\/Q4 auch weniger). Im Gegensatz zu den f&uuml;nfst&uuml;ndigen Leistungskursen werden die Grundkurse \"nur\" zwei- bis vierst&uuml;ndig pro Woche unterrichtet und sind nicht zwangsl&auml;ufig in die Abiturwertung einzubringen oder im Abitur zu pr&uuml;fen. Falls nicht bereits als Leistungs(fach)kurs gew&auml;hlt, sind folgende F&auml;cher als Grundkurs verpflichtend: Deutsch&nbsp; (Pflichtpr&uuml;fungsfach im Abitur;&nbsp; 4-st&uuml;ndig) Fremdsprache (mindestens eine, mindestens vor der Oberstufe schon belegt;&nbsp; i.d.R. 3-st&uuml;ndig) Kunst oder Musik oder Darstellendes Spiel&nbsp; (in der Q1\/Q2 3-st&uuml;ndig, danach 2-st&uuml;ndig) Geschichte&nbsp; (3-st&uuml;ndig) Politik und Wirtschaft - kann durch Geographie ersetzt werden&nbsp;&hellip;' class=\"encyclopedia\">Grundkurse<\/a> (auch als 3. Pr&uuml;fungsfach)<\/span><\/li>\n<li><span dir=\"ltr\" role=\"presentation\"><a href=\"https:\/\/ostschule.de\/schule\/lexikon\/leistungskurse\/\" target=\"_self\" title=\"In der Qualifikationsphase m&uuml;ssen mindestens zwei Leistungsf&auml;cher belegt werden. Von denen muss wiederum mindestens eines Englisch, Franz&ouml;sisch, Spanisch, Mathematik, Biologie, Chemie, Physik sein. Diese k&ouml;nnen miteinander oder mit einem der folgenden F&auml;cher kombiniert werden: Deutsch Musik Kunst Geschichte Politik und Wirtschaft Geographie Informatik Sport Alle aufgef&uuml;hrten F&auml;cher sind verl&auml;sslich in jedem Oberstufenjahrgang w&auml;hlbar. Aufgrund der gew&auml;hlten Leistungsfachkombinationen werden die Leistungskursleisten und die jeweilige Anzahl der Leistungskurse (= LK) festgelegt. Jeder Leistungs(fach)kurs wird mindestens f&uuml;nf-st&uuml;ndig pro Woche unterrichtet und schriftlich im zentralen Landesabitur gepr&uuml;ft. Einer der beiden Leistungskurse ist i.d.R. zugleich der Klassenkurs, die jeweilige Lehrkraft die\/der zust&auml;ndige Tutor:in.\" class=\"encyclopedia\">Leistungskurse<\/a> (5-st&uuml;ndig)<\/span><\/li>\n<li><span dir=\"ltr\" role=\"presentation\">Sensibilisierungen der Wahrnehmung<\/span><\/li>\n<li><span dir=\"ltr\" role=\"presentation\">Erweiterung Darstellungskompetenz<\/span><\/li>\n<\/ul>\n<p>Klassen&uuml;bergreifende Projekte<\/p>\n<ul>\n<li><span dir=\"ltr\" role=\"presentation\">Galerie AG<\/span><\/li>\n<li><span dir=\"ltr\" role=\"presentation\">Ausstellungen<\/span><\/li>\n<li><span dir=\"ltr\" role=\"presentation\">Projekte mit Universit&auml;t und MUK<\/span><\/li>\n<\/ul>\n","protected":false},"excerpt":{"rendered":"<p>Neuigkeiten aus der Kunst Klassenunterricht in den Jahrg\u00e4ngen 5 und 6 Erlernen verschiedenster Techniken Entwicklung \u00e4sthetischer Bildbetrachtung Kennenlernen exemplarischer K\u00fcnstler, Stile und Epochen Klassenunterricht in den Jahrg\u00e4ngen 7 und 9 Kennenlernen verschiedener Genres der Malerei,Grafik und Plastik Wahrnehmung und Versuche zu Architektur,Designs und Werbung Jahrgang 11 \u00dcberblick \u00fcber die Kunstgeschichte&#8230;<\/p>\n","protected":false},"author":1,"featured_media":0,"parent":96,"menu_order":0,"comment_status":"closed","ping_status":"closed","template":"","meta":{"_crdt_document":"","footnotes":""},"class_list":["post-3545","page","type-page","status-publish","hentry"],"_links":{"self":[{"href":"https:\/\/ostschule.de\/schule\/wp-json\/wp\/v2\/pages\/3545","targetHints":{"allow":["GET"]}}],"collection":[{"href":"https:\/\/ostschule.de\/schule\/wp-json\/wp\/v2\/pages"}],"about":[{"href":"https:\/\/ostschule.de\/schule\/wp-json\/wp\/v2\/types\/page"}],"author":[{"embeddable":true,"href":"https:\/\/ostschule.de\/schule\/wp-json\/wp\/v2\/users\/1"}],"replies":[{"embeddable":true,"href":"https:\/\/ostschule.de\/schule\/wp-json\/wp\/v2\/comments?post=3545"}],"version-history":[{"count":2,"href":"https:\/\/ostschule.de\/schule\/wp-json\/wp\/v2\/pages\/3545\/revisions"}],"predecessor-version":[{"id":3564,"href":"https:\/\/ostschule.de\/schule\/wp-json\/wp\/v2\/pages\/3545\/revisions\/3564"}],"up":[{"embeddable":true,"href":"https:\/\/ostschule.de\/schule\/wp-json\/wp\/v2\/pages\/96"}],"wp:attachment":[{"href":"https:\/\/ostschule.de\/schule\/wp-json\/wp\/v2\/media?parent=3545"}],"curies":[{"name":"wp","href":"https:\/\/api.w.org\/{rel}","templated":true}]}}

<p>Neuigkeiten aus der Kunst Klassenunterricht in den Jahrgängen 5 und 6 Erlernen verschiedenster Techniken Entwicklung ästhetischer Bildbetrachtung Kennenlernen exemplarischer Künstler, Stile und Epochen Klassenunterricht in den Jahrgängen 7 und 9 Kennenlernen verschiedener Genres der Malerei,Grafik und Plastik Wahrnehmung und Versuche zu Architektur,Designs und Werbung Jahrgang 11 Überblick über die Kunstgeschichte&#8230;</p>
