{"id":304,"date":"2019-02-06T22:39:28","date_gmt":"2019-02-06T21:39:28","guid":{"rendered":"https:\/\/ostschule.de\/schule\/?page_id=304"},"modified":"2024-06-27T14:25:02","modified_gmt":"2024-06-27T12:25:02","slug":"darstellendes-spiel","status":"publish","type":"page","link":"https:\/\/ostschule.de\/schule\/faecher\/kreativitaet\/darstellendes-spiel\/","title":{"rendered":"Darstellendes Spiel"},"content":{"rendered":"\r\n<blockquote class=\"wp-block-quote is-layout-flow wp-block-quote-is-layout-flow\">\r\n<p>&bdquo;So wie die Schule mit den F&auml;chern Ethik und Informatik auf gesellschaftliche Ver&auml;nderungen reagiert hat, so ist auch eine Reaktion auf die Bedingungen n&ouml;tig, unter denen Kinder und Jugendliche heute in die Gesellschaft hineinwachsen: Kreatives Lernen, die Besinnung auf die eigenen Gestaltungs- und Handlungsm&ouml;glichkeiten, die F&auml;higkeit, eigene Sichtweisen und Ausdrucksformen zu entwickeln, das sind bedeutsame Bildungsziele in einer Lebenswelt, die durch Bildmedien und elektronische Apparate zunehmend als fremdbestimmt und der pers&ouml;nlichen Einflussnahme entzogen erlebt wird.<\/p>\r\n<p>Hierauf reagiert das Unterrichtsangebot der gymnasialen Oberstufe, indem spielerisch entfaltete Kreativit&auml;t, bewusste k&ouml;rperliche Aktivit&auml;t, sinnliches Erleben und soziales Handeln in einer Gruppe nicht nur in jedem Fach mehr Gewicht erhalten, sondern ihre spezielle F&ouml;rderung im Fach Darstellendes Spiel erfahren.&ldquo; (Rahmenplan Darstellendes Spiel des Hessischen Kultusministeriums)<\/p>\r\n<\/blockquote>\r\n\r\n\r\n\r\n<p class=\"wp-block-paragraph\">Die Gesamtschule Gie&szlig;en-Ost beginnt damit allerdings nicht erst in der gymnasialen Oberstufe, sondern bereits mit der Theater-AG und dem Musical in der Sekundarstufe I. Zentraler Inhalt des Faches ist der Blick auf der B&uuml;hne. Wir besch&auml;ftigen uns mit genauem Hinsehen und mit dem Ausleben von Kreativit&auml;t auf der B&uuml;hne. Die gezielte Kommunikation zwischen Darstellern auf der B&uuml;hne und dem Publikum ist ein zentrales Lernziel.<\/p>\r\n\r\n\r\n\r\n<figure class=\"wp-block-image\"><img loading=\"lazy\" decoding=\"async\" class=\"aligncenter size-full wp-image-569\" src=\"https:\/\/ostschule.de\/schule\/wp-content\/uploads\/2019\/02\/Musical18.jpg\" alt=\"\" width=\"1000\" height=\"550\" srcset=\"https:\/\/ostschule.de\/schule\/wp-content\/uploads\/2019\/02\/Musical18.jpg 1000w, https:\/\/ostschule.de\/schule\/wp-content\/uploads\/2019\/02\/Musical18-300x165.jpg 300w, https:\/\/ostschule.de\/schule\/wp-content\/uploads\/2019\/02\/Musical18-768x422.jpg 768w\" sizes=\"auto, (max-width: 1000px) 100vw, 1000px\"><\/figure>\r\n\r\n\r\n\r\n<p class=\"wp-block-paragraph\">Ab der Jahrgangsstufe 9 kann DS als Wahlpflichtfach, ab der Jahrgangsstufe 11 als regul&auml;rer Kurs besucht werden.<\/p>\r\n\r\n\r\n\r\n<p class=\"wp-block-paragraph\">In der Jahrgangsstufe 12 entwickeln die <a href=\"https:\/\/ostschule.de\/schule\/lexikon\/grundkurse\/\" target=\"_self\" title='In der Qualifikationsphase (Q1 - Q4) gibt es mindestens zwei Leistungskurse und mindestens acht Grundkurse (in der Q3\/Q4 auch weniger). Im Gegensatz zu den f&uuml;nfst&uuml;ndigen Leistungskursen werden die Grundkurse \"nur\" zwei- bis vierst&uuml;ndig pro Woche unterrichtet und sind nicht zwangsl&auml;ufig in die Abiturwertung einzubringen oder im Abitur zu pr&uuml;fen. Falls nicht bereits als Leistungs(fach)kurs gew&auml;hlt, sind folgende F&auml;cher als Grundkurs verpflichtend: Deutsch&nbsp; (Pflichtpr&uuml;fungsfach im Abitur;&nbsp; 4-st&uuml;ndig) Fremdsprache (mindestens eine, mindestens vor der Oberstufe schon belegt;&nbsp; i.d.R. 3-st&uuml;ndig) Kunst oder Musik oder Darstellendes Spiel&nbsp; (in der Q1\/Q2 3-st&uuml;ndig, danach 2-st&uuml;ndig) Geschichte&nbsp; (3-st&uuml;ndig) Politik und Wirtschaft - kann durch Geographie ersetzt werden&nbsp;&hellip;' class=\"encyclopedia\">Grundkurse<\/a> Darstellendes Spiel eigene Theaterproduktionen. Vor den Sommerferien werden Produktionen vor Publikum aufgef&uuml;hrt.<\/p>\r\n\r\n\r\n\r\n<p class=\"wp-block-paragraph\">Darstellendes Spiel kann im Rahmen der Abiturpr&uuml;fungen als fachpraktische Pr&uuml;fung (Pr&auml;sentationspr&uuml;fung oder erweiterte m&uuml;ndliche Pr&uuml;fung mit fachpraktischem Anteil) abgelegt werden.<\/p>\r\n\r\n\r\n\r\n<p class=\"wp-block-paragraph\">Die Kurse besuchen regelm&auml;&szlig;ig Theaterproduktionen am <a href=\"https:\/\/www.stadttheater-giessen.de\/\">Stadttheater Gie&szlig;en<\/a>, dem <a href=\"https:\/\/www.hltm.de\/de\/\">Hessischen Landestheater in Marburg<\/a> und an den B&uuml;hnen in Frankfurt.<\/p>\r\n","protected":false},"excerpt":{"rendered":"<p>&#8222;So wie die Schule mit den F\u00e4chern Ethik und Informatik auf gesellschaftliche Ver\u00e4nderungen reagiert hat, so ist auch eine Reaktion auf die Bedingungen n\u00f6tig, unter denen Kinder und Jugendliche heute in die Gesellschaft hineinwachsen: Kreatives Lernen, die Besinnung auf die eigenen Gestaltungs- und Handlungsm\u00f6glichkeiten, die F\u00e4higkeit, eigene Sichtweisen und Ausdrucksformen&#8230;<\/p>\n","protected":false},"author":1,"featured_media":0,"parent":96,"menu_order":0,"comment_status":"closed","ping_status":"closed","template":"","meta":{"_crdt_document":"","footnotes":""},"class_list":["post-304","page","type-page","status-publish","hentry"],"_links":{"self":[{"href":"https:\/\/ostschule.de\/schule\/wp-json\/wp\/v2\/pages\/304","targetHints":{"allow":["GET"]}}],"collection":[{"href":"https:\/\/ostschule.de\/schule\/wp-json\/wp\/v2\/pages"}],"about":[{"href":"https:\/\/ostschule.de\/schule\/wp-json\/wp\/v2\/types\/page"}],"author":[{"embeddable":true,"href":"https:\/\/ostschule.de\/schule\/wp-json\/wp\/v2\/users\/1"}],"replies":[{"embeddable":true,"href":"https:\/\/ostschule.de\/schule\/wp-json\/wp\/v2\/comments?post=304"}],"version-history":[{"count":3,"href":"https:\/\/ostschule.de\/schule\/wp-json\/wp\/v2\/pages\/304\/revisions"}],"predecessor-version":[{"id":4441,"href":"https:\/\/ostschule.de\/schule\/wp-json\/wp\/v2\/pages\/304\/revisions\/4441"}],"up":[{"embeddable":true,"href":"https:\/\/ostschule.de\/schule\/wp-json\/wp\/v2\/pages\/96"}],"wp:attachment":[{"href":"https:\/\/ostschule.de\/schule\/wp-json\/wp\/v2\/media?parent=304"}],"curies":[{"name":"wp","href":"https:\/\/api.w.org\/{rel}","templated":true}]}}