{"id":163,"date":"2019-01-29T00:35:22","date_gmt":"2019-01-28T23:35:22","guid":{"rendered":"https:\/\/ostschule.de\/schule\/?page_id=163"},"modified":"2020-04-09T13:29:34","modified_gmt":"2020-04-09T11:29:34","slug":"datenschutzerklaerung","status":"publish","type":"page","link":"https:\/\/ostschule.de\/schule\/kontakt-und-service\/datenschutzerklaerung\/","title":{"rendered":"Datenschutzerkl\u00e4rung"},"content":{"rendered":"\r\n<h2 class=\"wp-block-heading\">Datenschutzerkl&auml;rung<\/h2>\r\n\r\n\r\n\r\n<p class=\"wp-block-paragraph\">Die Internetseite der Gesamtschule Gie&szlig;en-Ost ist nicht mit der internen Datenverarbeitung der Schule verbunden. Diese Datenschutzerkl&auml;rung betrifft nur die Internetseite ostschule.de. Die interne Datenverarbeitung ist speziell verschl&uuml;sselt und gesichert.&nbsp;<\/p>\r\n<p>Diese Internetseite liegt auf einem Internetserver. Der Browser greift in der Regel &uuml;ber eine verschl&uuml;sselte <a href=\"https:\/\/de.wikipedia.org\/wiki\/Transport_Layer_Security\">SSL-Verbindung<\/a> auf den Server zu. Das k&ouml;nnen Sie bei Internetseiten am &bdquo;http<strong>s<\/strong>&ldquo; in der URL erkennen.<\/p>\r\n\r\n\r\n\r\n<h3>Cookies<\/h3>\r\n\r\n\r\n\r\n<p class=\"wp-block-paragraph\">Wie viele andere Webseiten verwenden wir auch so genannte &bdquo;Cookies&ldquo;. Cookies sind kleine Textdateien, die von einem Websiteserver auf Ihre Festplatte &uuml;bertragen werden. Hierdurch erhalten wir automatisch bestimmte Daten wie z. B. IP-Adresse, verwendeter Browser, Betriebssystem und Ihre Verbindung zum Internet.<\/p>\r\n\r\n\r\n\r\n<p class=\"wp-block-paragraph\">Cookies k&ouml;nnen nicht verwendet werden, um Programme zu starten oder Viren auf einen Computer zu &uuml;bertragen. Anhand der in Cookies enthaltenen Informationen k&ouml;nnen wir Ihnen die Navigation erleichtern und die korrekte Anzeige unserer Webseiten erm&ouml;glichen.<\/p>\r\n\r\n\r\n\r\n<p class=\"wp-block-paragraph\">In keinem Fall werden die von uns erfassten Daten an Dritte weitergegeben oder ohne Ihre Einwilligung eine Verkn&uuml;pfung mit personenbezogenen Daten hergestellt.<\/p>\r\n\r\n\r\n\r\n<p class=\"wp-block-paragraph\">Nat&uuml;rlich k&ouml;nnen Sie unsere Website grunds&auml;tzlich auch ohne Cookies betrachten. Internet-Browser sind regelm&auml;&szlig;ig so eingestellt, dass sie Cookies akzeptieren. Im Allgemeinen k&ouml;nnen Sie die Verwendung von Cookies jederzeit &uuml;ber die Einstellungen Ihres Browsers deaktivieren. Bitte verwenden Sie die Hilfefunktionen Ihres Internetbrowsers, um zu erfahren, wie Sie diese Einstellungen &auml;ndern k&ouml;nnen. Bitte beachten Sie, dass einzelne Funktionen unserer Website m&ouml;glicherweise nicht funktionieren, wenn Sie die Verwendung von Cookies deaktiviert haben. Bei Mozilla Firefox k&ouml;nnen sie beispielsweise Cookies einer Seite l&ouml;schen oder anzeigen lassen, in dem sie auf das Symbol links neben der URL klicken.<\/p>\r\n\r\n\r\n\r\n<h3>Online-Kalender<\/h3>\r\n\r\n\r\n\r\n<p class=\"wp-block-paragraph\">Diese Webseite verwendet Google Calendar. Bei der Nutzung von Google Calendar werden von Google auch Daten &uuml;ber die Nutzung erhoben, verarbeitet und genutzt. N&auml;here Informationen &uuml;ber die Datenverarbeitung durch Google k&ouml;nnen Sie den Google-Datenschutzhinweisen entnehmen. Dort k&ouml;nnen Sie im Datenschutzcenter auch Ihre pers&ouml;nlichen Datenschutz-Einstellungen ver&auml;ndern.<\/p>\r\n\r\n\r\n\r\n<p class=\"wp-block-paragraph\">Ausf&uuml;hrliche Anleitungen zur Verwaltung der eigenen Daten im Zusammenhang mit Google-Produkten finden Sie <a href=\"https:\/\/support.google.com\/accounts\/answer\/3024190\">hier<\/a>.&nbsp;<\/p>\r\n\r\n\r\n\r\n<p class=\"wp-block-paragraph\"><a href=\"https:\/\/support.google.com\/accounts\/answer\/3024190\">https:\/\/support.google.com\/accounts\/answer\/3024190<\/a><\/p>\r\n\r\n\r\n\r\n<p class=\"wp-block-paragraph\">Wir bieten den Veranstaltungskalender auch als PDF-Datei und als &Uuml;bersicht im <a href=\"https:\/\/ostschule.de\/schule\/lexikon\/schulplaner\/\" target=\"_self\" title=\"Der GGO-Schulplaner ist ein jedes Schuljahr neu aufgelegtes Ringbuch in DinA5-Format mit allen wesentlichen Informationen zur Schule. Er enth&auml;lt Schulpl&auml;ne, Schulregelungen, Termine u. a.. Zudem gibt es f&uuml;r jede Schulwoche eine Doppelseite, auf der Hausaufgaben, Pr&uuml;fungen und sonstige Informationeneingetragen werden k&ouml;nnen. Er hilft beim Planen von Lernen und Freizeit und stellt ein wichtiges Kommunikationsmittel f&uuml;r Sch&uuml;ler, Eltern und Lehrkr&auml;ften dar. Die Unkosten sind bereits im Mediengeld enthalten.\" class=\"encyclopedia\">Schulplaner<\/a> an.<\/p>\r\n\r\n\r\n\r\n<h3>Eingebettete YouTube-Videos<\/h3>\r\n\r\n\r\n\r\n<p class=\"wp-block-paragraph\">Auf einigen unserer Webseiten betten wir Youtube-Videos ein. Betreiber der entsprechenden Plugins ist die YouTube, LLC, 901 Cherry Ave., San Bruno, CA 94066, USA. Wenn Sie eine Seite mit dem YouTube-Plugin besuchen, wird eine Verbindung zu Servern von Youtube hergestellt. Dabei wird Youtube mitgeteilt, welche Seiten Sie besuchen. Wenn Sie in Ihrem Youtube-Account eingeloggt sind, kann Youtube Ihr Surfverhalten Ihnen pers&ouml;nlich zuzuordnen. Dies verhindern Sie, indem Sie sich vorher aus Ihrem Youtube-Account ausloggen.<\/p>\r\n\r\n\r\n\r\n<p class=\"wp-block-paragraph\">Wird ein Youtube-Video gestartet, setzt der Anbieter Cookies ein, die Hinweise &uuml;ber das Nutzerverhalten sammeln. In der Regel verlinken wir Youtube-Videos in der datenschutzfreundlichen Nocookie-Variante. Sollten Sie mit ihrem Google- oder Youtube-Account im Browser eingeloggt sein, wird ihr Nutzungsverhalten in der Regel jedoch von Google protokolliert.<\/p>\r\n\r\n\r\n\r\n<p class=\"wp-block-paragraph\">Wer das Speichern von Cookies f&uuml;r das Google-Ad-Programm deaktiviert hat, wird auch beim Anschauen von Youtube-Videos mit keinen solchen Cookies rechnen m&uuml;ssen. Youtube legt aber auch in anderen Cookies nicht-personenbezogene Nutzungsinformationen ab. M&ouml;chten Sie dies verhindern, so m&uuml;ssen Sie das Speichern von Cookies im Browser blockieren. Beim Firefox k&ouml;nnen sie das durch einen Klick auf das Informationssymbol neben der URL f&uuml;r die aktuelle Website einstellen.<\/p>\r\n\r\n\r\n\r\n<p class=\"wp-block-paragraph\">Weitere Informationen zum Datenschutz bei &bdquo;Youtube&ldquo; finden Sie in der Datenschutzerkl&auml;rung des Anbieters unter:<\/p>\r\n\r\n\r\n\r\n<p class=\"wp-block-paragraph\"><a href=\"https:\/\/www.google.de\/intl\/de\/policies\/privacy\/\">https:\/\/www.google.de\/intl\/de\/policies\/privacy\/<\/a><\/p>\r\n<h3>Online-Services<\/h3>\r\n<p>Die Seiten von Untis und IServ liegen jeweils auf anderen Servern und die Datenbanken sind nicht mit dieser Internetseite verkn&uuml;pft. Die Nutzerdaten sind den Richtlinien entsprechend gesichtert.<\/p>\r\n<h3>Datenschutzbeauftragter<\/h3>\r\n\r\n\r\n\r\n<p class=\"wp-block-paragraph\">Unser Datenschutzbeauftragter ist Herr Karsten G&ouml;bel. Er kann &uuml;ber das Sekretariat oder seine E-Mail-Adresse erreicht werden.<\/p>\r\n\r\n\r\n\r\n<p class=\"wp-block-paragraph\"><em>Die Datenschutzerkl&auml;rung wurde mit dem <\/em><a href=\"https:\/\/www.activemind.de\/datenschutz\/datenschutzhinweis-generator\/\" target=\"_blank\" rel=\"noreferrer noopener\"><em>Datenschutzerkl&auml;rungs-Generator der activeMind AG erstellt<\/em><\/a><em>.<\/em><\/p>\r\n","protected":false},"excerpt":{"rendered":"<p>Datenschutzerkl\u00e4rung Die Internetseite der Gesamtschule Gie\u00dfen-Ost ist nicht mit der internen Datenverarbeitung der Schule verbunden. Diese Datenschutzerkl\u00e4rung betrifft nur die Internetseite ostschule.de. Die interne Datenverarbeitung ist speziell verschl\u00fcsselt und gesichert.\u00a0 Diese Internetseite liegt auf einem Internetserver. Der Browser greift in der Regel \u00fcber eine verschl\u00fcsselte SSL-Verbindung auf den Server zu&#8230;.<\/p>\n","protected":false},"author":1,"featured_media":0,"parent":126,"menu_order":0,"comment_status":"closed","ping_status":"closed","template":"","meta":{"_crdt_document":"","footnotes":""},"class_list":["post-163","page","type-page","status-publish","hentry"],"_links":{"self":[{"href":"https:\/\/ostschule.de\/schule\/wp-json\/wp\/v2\/pages\/163","targetHints":{"allow":["GET"]}}],"collection":[{"href":"https:\/\/ostschule.de\/schule\/wp-json\/wp\/v2\/pages"}],"about":[{"href":"https:\/\/ostschule.de\/schule\/wp-json\/wp\/v2\/types\/page"}],"author":[{"embeddable":true,"href":"https:\/\/ostschule.de\/schule\/wp-json\/wp\/v2\/users\/1"}],"replies":[{"embeddable":true,"href":"https:\/\/ostschule.de\/schule\/wp-json\/wp\/v2\/comments?post=163"}],"version-history":[{"count":10,"href":"https:\/\/ostschule.de\/schule\/wp-json\/wp\/v2\/pages\/163\/revisions"}],"predecessor-version":[{"id":1805,"href":"https:\/\/ostschule.de\/schule\/wp-json\/wp\/v2\/pages\/163\/revisions\/1805"}],"up":[{"embeddable":true,"href":"https:\/\/ostschule.de\/schule\/wp-json\/wp\/v2\/pages\/126"}],"wp:attachment":[{"href":"https:\/\/ostschule.de\/schule\/wp-json\/wp\/v2\/media?parent=163"}],"curies":[{"name":"wp","href":"https:\/\/api.w.org\/{rel}","templated":true}]}}